{"id":148,"date":"2024-04-20T07:38:37","date_gmt":"2024-04-20T07:38:37","guid":{"rendered":"https:\/\/steffis-ponyclub.ch\/?page_id=148"},"modified":"2025-09-15T19:14:05","modified_gmt":"2025-09-15T19:14:05","slug":"ueber-mich","status":"publish","type":"page","link":"https:\/\/steffis-ponyclub.ch\/?page_id=148","title":{"rendered":"\u00dcber mich"},"content":{"rendered":"\n<p class=\"has-medium-font-size\"><strong>Ich bin Stefania, genannt Steffi, 53-j\u00e4hrig, eine tierliebende und aktive Frau.<\/strong><\/p>\n\n\n\n<div class=\"wp-block-columns is-layout-flex wp-container-core-columns-is-layout-9d6595d7 wp-block-columns-is-layout-flex\">\n<div class=\"wp-block-column is-layout-flow wp-block-column-is-layout-flow\">\n<figure class=\"wp-block-image size-full\"><img loading=\"lazy\" decoding=\"async\" width=\"320\" height=\"321\" src=\"https:\/\/steffis-ponyclub.ch\/wp-content\/uploads\/2024\/05\/IMG_7949-e1714589014508.png\" alt=\"\" class=\"wp-image-545\" srcset=\"https:\/\/steffis-ponyclub.ch\/wp-content\/uploads\/2024\/05\/IMG_7949-e1714589014508.png 320w, https:\/\/steffis-ponyclub.ch\/wp-content\/uploads\/2024\/05\/IMG_7949-e1714589014508-300x300.png 300w, https:\/\/steffis-ponyclub.ch\/wp-content\/uploads\/2024\/05\/IMG_7949-e1714589014508-150x150.png 150w\" sizes=\"auto, (max-width: 320px) 100vw, 320px\" \/><figcaption class=\"wp-element-caption\">(Oben rechts ist Nagano, unten rechts ist Buongiorno vom KiTihof)<\/figcaption><\/figure>\n<\/div>\n<\/div>\n\n\n\n<p>Die meiste Zeit w\u00e4hrend meiner Freizeit verbringe ich in der Natur mit meinen Tieren oder mit meinem Partner, zum Beispiel mit unserem kleinen Hund, spiele und f\u00fcttere t\u00e4glich die Katzen auf dem Hof, oder sitze auf dem Pferd Nagano, ein Freibergerwallach, den ich seit einigen Jahre betreue. Fast mein ganzes Leben<br>hatte ich eigene Pferde oder auch immer wieder Pflegepferde, der Pferdevirus hatte mich nie losgelassen.<\/p>\n\n\n\n<p>2019 habe ich angefangen auf dem KiTihof nebenbei zu arbeiten, zuerst mit Stalldiensten, dann durfte ich Kindergeburtstage \u00fcbernehmen und sp\u00e4ter die Ausbildung als Reitp\u00e4dagogin absolvieren. W\u00e4hrend dem Unterrichten, durfte ich viele Erfahrungen sammeln und es bereitet mir sehr viel Spass und grosse Freude, <br>die Zusammenarbeit mit den Kindern und mit den Tieren.<\/p>\n\n\n\n<p>Ab und an habe ich auch mal mehr als nur 1 PS unter dem Sattel, n\u00e4mlich die Power meiner Harley.<br><\/p>\n\n\n\n<figure class=\"wp-block-image size-full is-resized\"><img loading=\"lazy\" decoding=\"async\" width=\"1024\" height=\"768\" src=\"https:\/\/steffis-ponyclub.ch\/wp-content\/uploads\/2025\/09\/23eff8d6-f54c-4361-ba00-91db6d6688f4.jpg\" alt=\"\" class=\"wp-image-1476\" style=\"width:307px;height:auto\" srcset=\"https:\/\/steffis-ponyclub.ch\/wp-content\/uploads\/2025\/09\/23eff8d6-f54c-4361-ba00-91db6d6688f4.jpg 1024w, https:\/\/steffis-ponyclub.ch\/wp-content\/uploads\/2025\/09\/23eff8d6-f54c-4361-ba00-91db6d6688f4-300x225.jpg 300w, https:\/\/steffis-ponyclub.ch\/wp-content\/uploads\/2025\/09\/23eff8d6-f54c-4361-ba00-91db6d6688f4-768x576.jpg 768w\" sizes=\"auto, (max-width: 1024px) 100vw, 1024px\" \/><\/figure>\n\n\n\n<p><strong>Ich freue mich auf meine neue Herausforderung und vor allem auch auf euch \ud83d\ude42<\/strong><\/p>\n\n\n\n<figure class=\"wp-block-image size-full is-resized\"><img loading=\"lazy\" decoding=\"async\" width=\"480\" height=\"640\" src=\"https:\/\/steffis-ponyclub.ch\/wp-content\/uploads\/2024\/04\/IMG_0652-rotated.jpg\" alt=\"\" class=\"wp-image-397\" style=\"width:307px;height:auto\" srcset=\"https:\/\/steffis-ponyclub.ch\/wp-content\/uploads\/2024\/04\/IMG_0652-rotated.jpg 480w, https:\/\/steffis-ponyclub.ch\/wp-content\/uploads\/2024\/04\/IMG_0652-225x300.jpg 225w\" sizes=\"auto, (max-width: 480px) 100vw, 480px\" \/><figcaption class=\"wp-element-caption\"><strong>(So habe ich angefangen mit 6 Jahren, gef\u00fchrt von meinem Grossvater im Tessin \ud83d\ude42 )<\/strong><\/figcaption><\/figure>\n\n\n\n<div class=\"wp-block-group\"><div class=\"wp-block-group__inner-container is-layout-constrained wp-block-group-is-layout-constrained\">\n<div class=\"wp-block-columns is-layout-flex wp-container-core-columns-is-layout-9d6595d7 wp-block-columns-is-layout-flex\">\n<div class=\"wp-block-column is-layout-flow wp-block-column-is-layout-flow\" style=\"flex-basis:100%\">\n<figure class=\"wp-block-image size-full is-resized\"><img loading=\"lazy\" decoding=\"async\" width=\"750\" height=\"1010\" src=\"https:\/\/steffis-ponyclub.ch\/wp-content\/uploads\/2024\/09\/IMG_2927.jpg\" alt=\"\" class=\"wp-image-857\" style=\"width:320px;height:auto\" srcset=\"https:\/\/steffis-ponyclub.ch\/wp-content\/uploads\/2024\/09\/IMG_2927.jpg 750w, https:\/\/steffis-ponyclub.ch\/wp-content\/uploads\/2024\/09\/IMG_2927-223x300.jpg 223w\" sizes=\"auto, (max-width: 750px) 100vw, 750px\" \/><figcaption class=\"wp-element-caption\"><strong>Abschlusspr\u00fcfung 11.Oktober 2023<\/strong><\/figcaption><\/figure>\n<\/div>\n<\/div>\n\n\n\n<div class=\"wp-block-columns is-layout-flex wp-container-core-columns-is-layout-9d6595d7 wp-block-columns-is-layout-flex\">\n<div class=\"wp-block-column is-layout-flow wp-block-column-is-layout-flow\">\n<figure class=\"wp-block-gallery has-nested-images columns-default is-cropped wp-block-gallery-1 is-layout-flex wp-block-gallery-is-layout-flex\">\n<figure class=\"wp-block-image size-large\"><img loading=\"lazy\" decoding=\"async\" width=\"724\" height=\"1024\" data-id=\"858\" src=\"https:\/\/steffis-ponyclub.ch\/wp-content\/uploads\/2024\/09\/IMG_2928-724x1024.jpg\" alt=\"\" class=\"wp-image-858\" srcset=\"https:\/\/steffis-ponyclub.ch\/wp-content\/uploads\/2024\/09\/IMG_2928-724x1024.jpg 724w, https:\/\/steffis-ponyclub.ch\/wp-content\/uploads\/2024\/09\/IMG_2928-212x300.jpg 212w, https:\/\/steffis-ponyclub.ch\/wp-content\/uploads\/2024\/09\/IMG_2928.jpg 742w\" sizes=\"auto, (max-width: 724px) 100vw, 724px\" \/><figcaption class=\"wp-element-caption\">Screenshot<\/figcaption><\/figure>\n<\/figure>\n<\/div>\n\n\n\n<div class=\"wp-block-column is-layout-flow wp-block-column-is-layout-flow\"><\/div>\n\n\n\n<div class=\"wp-block-column is-layout-flow wp-block-column-is-layout-flow\"><\/div>\n<\/div>\n<\/div><\/div>\n\n\n\n<p><\/p>\n","protected":false},"excerpt":{"rendered":"<p>Ich bin Stefania, genannt Steffi, 53-j\u00e4hrig, eine tierliebende und aktive Frau. Die meiste Zeit w\u00e4hrend meiner Freizeit verbringe ich in der Natur mit meinen Tieren&hellip;<\/p>\n","protected":false},"author":1,"featured_media":0,"parent":0,"menu_order":1,"comment_status":"closed","ping_status":"closed","template":"","meta":{"ngg_post_thumbnail":0,"footnotes":""},"class_list":["post-148","page","type-page","status-publish","hentry"],"yoast_head":"<!-- This site is optimized with the Yoast SEO plugin v27.4 - https:\/\/yoast.com\/product\/yoast-seo-wordpress\/ -->\n<title>\u00dcber mich - Steffis Pony Club<\/title>\n<meta name=\"robots\" content=\"index, follow, max-snippet:-1, max-image-preview:large, max-video-preview:-1\" \/>\n<link rel=\"canonical\" href=\"https:\/\/steffis-ponyclub.ch\/?page_id=148\" \/>\n<meta property=\"og:locale\" content=\"de_DE\" \/>\n<meta property=\"og:type\" content=\"article\" \/>\n<meta property=\"og:title\" content=\"\u00dcber mich - Steffis Pony Club\" \/>\n<meta property=\"og:description\" content=\"Ich bin Stefania, genannt Steffi, 53-j\u00e4hrig, eine tierliebende und aktive Frau. Die meiste Zeit w\u00e4hrend meiner Freizeit verbringe ich in der Natur mit meinen Tieren&hellip;\" \/>\n<meta property=\"og:url\" content=\"https:\/\/steffis-ponyclub.ch\/?page_id=148\" \/>\n<meta property=\"og:site_name\" content=\"Steffis Pony Club\" \/>\n<meta property=\"article:modified_time\" content=\"2025-09-15T19:14:05+00:00\" \/>\n<meta property=\"og:image\" content=\"https:\/\/steffis-ponyclub.ch\/wp-content\/uploads\/2024\/05\/IMG_7949-e1714589014508.png\" \/>\n\t<meta property=\"og:image:width\" content=\"320\" \/>\n\t<meta property=\"og:image:height\" content=\"321\" \/>\n\t<meta property=\"og:image:type\" content=\"image\/png\" \/>\n<meta name=\"twitter:card\" content=\"summary_large_image\" \/>\n<meta name=\"twitter:label1\" content=\"Gesch\u00e4tzte Lesezeit\" \/>\n\t<meta name=\"twitter:data1\" content=\"3\u00a0Minuten\" \/>\n<script type=\"application\/ld+json\" class=\"yoast-schema-graph\">{\"@context\":\"https:\\\/\\\/schema.org\",\"@graph\":[{\"@type\":\"WebPage\",\"@id\":\"https:\\\/\\\/steffis-ponyclub.ch\\\/?page_id=148\",\"url\":\"https:\\\/\\\/steffis-ponyclub.ch\\\/?page_id=148\",\"name\":\"\u00dcber mich - Steffis Pony Club\",\"isPartOf\":{\"@id\":\"https:\\\/\\\/steffis-ponyclub.ch\\\/#website\"},\"primaryImageOfPage\":{\"@id\":\"https:\\\/\\\/steffis-ponyclub.ch\\\/?page_id=148#primaryimage\"},\"image\":{\"@id\":\"https:\\\/\\\/steffis-ponyclub.ch\\\/?page_id=148#primaryimage\"},\"thumbnailUrl\":\"https:\\\/\\\/steffis-ponyclub.ch\\\/wp-content\\\/uploads\\\/2024\\\/05\\\/IMG_7949-e1714589014508.png\",\"datePublished\":\"2024-04-20T07:38:37+00:00\",\"dateModified\":\"2025-09-15T19:14:05+00:00\",\"breadcrumb\":{\"@id\":\"https:\\\/\\\/steffis-ponyclub.ch\\\/?page_id=148#breadcrumb\"},\"inLanguage\":\"de\",\"potentialAction\":[{\"@type\":\"ReadAction\",\"target\":[\"https:\\\/\\\/steffis-ponyclub.ch\\\/?page_id=148\"]}]},{\"@type\":\"ImageObject\",\"inLanguage\":\"de\",\"@id\":\"https:\\\/\\\/steffis-ponyclub.ch\\\/?page_id=148#primaryimage\",\"url\":\"https:\\\/\\\/steffis-ponyclub.ch\\\/wp-content\\\/uploads\\\/2024\\\/05\\\/IMG_7949-e1714589014508.png\",\"contentUrl\":\"https:\\\/\\\/steffis-ponyclub.ch\\\/wp-content\\\/uploads\\\/2024\\\/05\\\/IMG_7949-e1714589014508.png\",\"width\":320,\"height\":321},{\"@type\":\"BreadcrumbList\",\"@id\":\"https:\\\/\\\/steffis-ponyclub.ch\\\/?page_id=148#breadcrumb\",\"itemListElement\":[{\"@type\":\"ListItem\",\"position\":1,\"name\":\"Startseite\",\"item\":\"https:\\\/\\\/steffis-ponyclub.ch\\\/\"},{\"@type\":\"ListItem\",\"position\":2,\"name\":\"\u00dcber mich\"}]},{\"@type\":\"WebSite\",\"@id\":\"https:\\\/\\\/steffis-ponyclub.ch\\\/#website\",\"url\":\"https:\\\/\\\/steffis-ponyclub.ch\\\/\",\"name\":\"Steffis Pony Club\",\"description\":\"Weil wir Tiere lieben\",\"publisher\":{\"@id\":\"https:\\\/\\\/steffis-ponyclub.ch\\\/#organization\"},\"potentialAction\":[{\"@type\":\"SearchAction\",\"target\":{\"@type\":\"EntryPoint\",\"urlTemplate\":\"https:\\\/\\\/steffis-ponyclub.ch\\\/?s={search_term_string}\"},\"query-input\":{\"@type\":\"PropertyValueSpecification\",\"valueRequired\":true,\"valueName\":\"search_term_string\"}}],\"inLanguage\":\"de\"},{\"@type\":\"Organization\",\"@id\":\"https:\\\/\\\/steffis-ponyclub.ch\\\/#organization\",\"name\":\"Steffis Pony Club\",\"url\":\"https:\\\/\\\/steffis-ponyclub.ch\\\/\",\"logo\":{\"@type\":\"ImageObject\",\"inLanguage\":\"de\",\"@id\":\"https:\\\/\\\/steffis-ponyclub.ch\\\/#\\\/schema\\\/logo\\\/image\\\/\",\"url\":\"https:\\\/\\\/steffis-ponyclub.ch\\\/wp-content\\\/uploads\\\/2025\\\/12\\\/cropped-Logo_122025_02.png\",\"contentUrl\":\"https:\\\/\\\/steffis-ponyclub.ch\\\/wp-content\\\/uploads\\\/2025\\\/12\\\/cropped-Logo_122025_02.png\",\"width\":500,\"height\":544,\"caption\":\"Steffis Pony Club\"},\"image\":{\"@id\":\"https:\\\/\\\/steffis-ponyclub.ch\\\/#\\\/schema\\\/logo\\\/image\\\/\"}}]}<\/script>\n<!-- \/ Yoast SEO plugin. -->","yoast_head_json":{"title":"\u00dcber mich - Steffis Pony Club","robots":{"index":"index","follow":"follow","max-snippet":"max-snippet:-1","max-image-preview":"max-image-preview:large","max-video-preview":"max-video-preview:-1"},"canonical":"https:\/\/steffis-ponyclub.ch\/?page_id=148","og_locale":"de_DE","og_type":"article","og_title":"\u00dcber mich - Steffis Pony Club","og_description":"Ich bin Stefania, genannt Steffi, 53-j\u00e4hrig, eine tierliebende und aktive Frau. Die meiste Zeit w\u00e4hrend meiner Freizeit verbringe ich in der Natur mit meinen Tieren&hellip;","og_url":"https:\/\/steffis-ponyclub.ch\/?page_id=148","og_site_name":"Steffis Pony Club","article_modified_time":"2025-09-15T19:14:05+00:00","og_image":[{"width":320,"height":321,"url":"https:\/\/steffis-ponyclub.ch\/wp-content\/uploads\/2024\/05\/IMG_7949-e1714589014508.png","type":"image\/png"}],"twitter_card":"summary_large_image","twitter_misc":{"Gesch\u00e4tzte Lesezeit":"3\u00a0Minuten"},"schema":{"@context":"https:\/\/schema.org","@graph":[{"@type":"WebPage","@id":"https:\/\/steffis-ponyclub.ch\/?page_id=148","url":"https:\/\/steffis-ponyclub.ch\/?page_id=148","name":"\u00dcber mich - Steffis Pony Club","isPartOf":{"@id":"https:\/\/steffis-ponyclub.ch\/#website"},"primaryImageOfPage":{"@id":"https:\/\/steffis-ponyclub.ch\/?page_id=148#primaryimage"},"image":{"@id":"https:\/\/steffis-ponyclub.ch\/?page_id=148#primaryimage"},"thumbnailUrl":"https:\/\/steffis-ponyclub.ch\/wp-content\/uploads\/2024\/05\/IMG_7949-e1714589014508.png","datePublished":"2024-04-20T07:38:37+00:00","dateModified":"2025-09-15T19:14:05+00:00","breadcrumb":{"@id":"https:\/\/steffis-ponyclub.ch\/?page_id=148#breadcrumb"},"inLanguage":"de","potentialAction":[{"@type":"ReadAction","target":["https:\/\/steffis-ponyclub.ch\/?page_id=148"]}]},{"@type":"ImageObject","inLanguage":"de","@id":"https:\/\/steffis-ponyclub.ch\/?page_id=148#primaryimage","url":"https:\/\/steffis-ponyclub.ch\/wp-content\/uploads\/2024\/05\/IMG_7949-e1714589014508.png","contentUrl":"https:\/\/steffis-ponyclub.ch\/wp-content\/uploads\/2024\/05\/IMG_7949-e1714589014508.png","width":320,"height":321},{"@type":"BreadcrumbList","@id":"https:\/\/steffis-ponyclub.ch\/?page_id=148#breadcrumb","itemListElement":[{"@type":"ListItem","position":1,"name":"Startseite","item":"https:\/\/steffis-ponyclub.ch\/"},{"@type":"ListItem","position":2,"name":"\u00dcber mich"}]},{"@type":"WebSite","@id":"https:\/\/steffis-ponyclub.ch\/#website","url":"https:\/\/steffis-ponyclub.ch\/","name":"Steffis Pony Club","description":"Weil wir Tiere lieben","publisher":{"@id":"https:\/\/steffis-ponyclub.ch\/#organization"},"potentialAction":[{"@type":"SearchAction","target":{"@type":"EntryPoint","urlTemplate":"https:\/\/steffis-ponyclub.ch\/?s={search_term_string}"},"query-input":{"@type":"PropertyValueSpecification","valueRequired":true,"valueName":"search_term_string"}}],"inLanguage":"de"},{"@type":"Organization","@id":"https:\/\/steffis-ponyclub.ch\/#organization","name":"Steffis Pony Club","url":"https:\/\/steffis-ponyclub.ch\/","logo":{"@type":"ImageObject","inLanguage":"de","@id":"https:\/\/steffis-ponyclub.ch\/#\/schema\/logo\/image\/","url":"https:\/\/steffis-ponyclub.ch\/wp-content\/uploads\/2025\/12\/cropped-Logo_122025_02.png","contentUrl":"https:\/\/steffis-ponyclub.ch\/wp-content\/uploads\/2025\/12\/cropped-Logo_122025_02.png","width":500,"height":544,"caption":"Steffis Pony Club"},"image":{"@id":"https:\/\/steffis-ponyclub.ch\/#\/schema\/logo\/image\/"}}]}},"_links":{"self":[{"href":"https:\/\/steffis-ponyclub.ch\/index.php?rest_route=\/wp\/v2\/pages\/148","targetHints":{"allow":["GET"]}}],"collection":[{"href":"https:\/\/steffis-ponyclub.ch\/index.php?rest_route=\/wp\/v2\/pages"}],"about":[{"href":"https:\/\/steffis-ponyclub.ch\/index.php?rest_route=\/wp\/v2\/types\/page"}],"author":[{"embeddable":true,"href":"https:\/\/steffis-ponyclub.ch\/index.php?rest_route=\/wp\/v2\/users\/1"}],"replies":[{"embeddable":true,"href":"https:\/\/steffis-ponyclub.ch\/index.php?rest_route=%2Fwp%2Fv2%2Fcomments&post=148"}],"version-history":[{"count":23,"href":"https:\/\/steffis-ponyclub.ch\/index.php?rest_route=\/wp\/v2\/pages\/148\/revisions"}],"predecessor-version":[{"id":1477,"href":"https:\/\/steffis-ponyclub.ch\/index.php?rest_route=\/wp\/v2\/pages\/148\/revisions\/1477"}],"wp:attachment":[{"href":"https:\/\/steffis-ponyclub.ch\/index.php?rest_route=%2Fwp%2Fv2%2Fmedia&parent=148"}],"curies":[{"name":"wp","href":"https:\/\/api.w.org\/{rel}","templated":true}]}}